{"id":369,"date":"2026-04-10T13:02:12","date_gmt":"2026-04-10T13:02:12","guid":{"rendered":"https:\/\/blowroommachinery.com\/?page_id=369"},"modified":"2026-04-28T07:01:25","modified_gmt":"2026-04-28T07:01:25","slug":"fans-mmtv-425","status":"publish","type":"page","link":"https:\/\/blowroommachinery.com\/index.php\/fans-mmtv-425\/","title":{"rendered":"Fans \u2013 MMTV 425"},"content":{"rendered":"\t\t<div data-elementor-type=\"wp-page\" data-elementor-id=\"369\" class=\"elementor elementor-369\">\n\t\t\t\t<div class=\"elementor-element elementor-element-9e6c824 e-flex e-con-boxed e-con e-parent\" data-id=\"9e6c824\" data-element_type=\"container\" data-e-type=\"container\" data-settings=\"{&quot;background_background&quot;:&quot;classic&quot;}\">\n\t\t\t\t\t<div class=\"e-con-inner\">\n\t\t<div class=\"elementor-element elementor-element-58e6c46 e-con-full e-flex e-con e-child\" data-id=\"58e6c46\" data-element_type=\"container\" data-e-type=\"container\" data-settings=\"{&quot;background_background&quot;:&quot;classic&quot;}\">\n\t\t\t\t<div class=\"elementor-element elementor-element-0c0f6b6 elementor-widget elementor-widget-heading\" data-id=\"0c0f6b6\" data-element_type=\"widget\" data-e-type=\"widget\" data-widget_type=\"heading.default\">\n\t\t\t\t\t<h1 class=\"elementor-heading-title elementor-size-default\">Fans \u2013 MMTV 425<\/h1>\t\t\t\t<\/div>\n\t\t\t\t<div class=\"elementor-element elementor-element-08046fb elementor-widget elementor-widget-text-editor\" data-id=\"08046fb\" data-element_type=\"widget\" data-e-type=\"widget\" data-widget_type=\"text-editor.default\">\n\t\t\t\t\t\t\t\t\t<p data-start=\"1839\" data-end=\"1881\">Optimized Airflow for Material Transport<\/p>\t\t\t\t\t\t\t\t<\/div>\n\t\t\t\t<\/div>\n\t\t\t\t\t<\/div>\n\t\t\t\t<\/div>\n\t\t<div class=\"elementor-element elementor-element-025c821 e-flex e-con-boxed e-con e-parent\" data-id=\"025c821\" data-element_type=\"container\" data-e-type=\"container\" data-settings=\"{&quot;background_background&quot;:&quot;classic&quot;}\">\n\t\t\t\t\t<div class=\"e-con-inner\">\n\t\t<div class=\"elementor-element elementor-element-0b9c85e e-con-full e-flex e-con e-child\" data-id=\"0b9c85e\" data-element_type=\"container\" data-e-type=\"container\">\n\t\t<div class=\"elementor-element elementor-element-b1c8b08 e-flex e-con-boxed e-con e-child\" data-id=\"b1c8b08\" data-element_type=\"container\" data-e-type=\"container\">\n\t\t\t\t\t<div class=\"e-con-inner\">\n\t\t<div class=\"elementor-element elementor-element-b05103e e-con-full e-flex e-con e-child\" data-id=\"b05103e\" data-element_type=\"container\" data-e-type=\"container\">\n\t\t\t\t<div class=\"elementor-element elementor-element-cac1b36 elementor-widget elementor-widget-image\" data-id=\"cac1b36\" data-element_type=\"widget\" data-e-type=\"widget\" data-widget_type=\"image.default\">\n\t\t\t\t\t\t\t\t\t\t\t\t\t\t\t<img fetchpriority=\"high\" decoding=\"async\" width=\"1080\" height=\"1350\" src=\"https:\/\/blowroommachinery.com\/wp-content\/uploads\/2026\/04\/8.png\" class=\"attachment-full size-full wp-image-570\" alt=\"\" srcset=\"https:\/\/blowroommachinery.com\/wp-content\/uploads\/2026\/04\/8.png 1080w, https:\/\/blowroommachinery.com\/wp-content\/uploads\/2026\/04\/8-240x300.png 240w, https:\/\/blowroommachinery.com\/wp-content\/uploads\/2026\/04\/8-819x1024.png 819w, https:\/\/blowroommachinery.com\/wp-content\/uploads\/2026\/04\/8-768x960.png 768w\" sizes=\"(max-width: 1080px) 100vw, 1080px\" \/>\t\t\t\t\t\t\t\t\t\t\t\t\t\t\t<\/div>\n\t\t\t\t<\/div>\n\t\t<div class=\"elementor-element elementor-element-7d16a53 e-con-full e-flex e-con e-child\" data-id=\"7d16a53\" data-element_type=\"container\" data-e-type=\"container\">\n\t\t\t\t<div class=\"elementor-element elementor-element-2fa72ef elementor-widget elementor-widget-heading\" data-id=\"2fa72ef\" data-element_type=\"widget\" data-e-type=\"widget\" data-widget_type=\"heading.default\">\n\t\t\t\t\t<h6 class=\"elementor-heading-title elementor-size-default\">Multi-Application Fan Range<\/h6>\t\t\t\t<\/div>\n\t\t\t\t<div class=\"elementor-element elementor-element-6995c74 elementor-widget elementor-widget-heading\" data-id=\"6995c74\" data-element_type=\"widget\" data-e-type=\"widget\" data-widget_type=\"heading.default\">\n\t\t\t\t\t<h2 class=\"elementor-heading-title elementor-size-default\">Fans \u2013 MMTV 425<\/h2>\t\t\t\t<\/div>\n\t\t\t\t<div class=\"elementor-element elementor-element-bf67dd0 elementor-widget-divider--view-line elementor-widget elementor-widget-divider\" data-id=\"bf67dd0\" data-element_type=\"widget\" data-e-type=\"widget\" data-widget_type=\"divider.default\">\n\t\t\t\t\t\t\t<div class=\"elementor-divider\">\n\t\t\t<span class=\"elementor-divider-separator\">\n\t\t\t\t\t\t<\/span>\n\t\t<\/div>\n\t\t\t\t\t\t<\/div>\n\t\t\t\t<div class=\"elementor-element elementor-element-82a5d8a elementor-widget elementor-widget-text-editor\" data-id=\"82a5d8a\" data-element_type=\"widget\" data-e-type=\"widget\" data-widget_type=\"text-editor.default\">\n\t\t\t\t\t\t\t\t\t<p data-start=\"123\" data-end=\"255\">Material Transport Fan, Micro Dust \/ Exhaust Fan, and Waste Extraction Fan are part of this range.<\/p><p data-start=\"257\" data-end=\"403\">\u00a0<\/p>\t\t\t\t\t\t\t\t<\/div>\n\t\t\t\t<\/div>\n\t\t\t\t\t<\/div>\n\t\t\t\t<\/div>\n\t\t<div class=\"elementor-element elementor-element-24edc94 e-con-full e-flex e-con e-child\" data-id=\"24edc94\" data-element_type=\"container\" data-e-type=\"container\">\n\t\t<div class=\"elementor-element elementor-element-d0785d2 e-con-full e-flex e-con e-child\" data-id=\"d0785d2\" data-element_type=\"container\" data-e-type=\"container\">\n\t\t\t\t<div class=\"elementor-element elementor-element-0cd2cbf elementor-widget elementor-widget-heading\" data-id=\"0cd2cbf\" data-element_type=\"widget\" data-e-type=\"widget\" data-widget_type=\"heading.default\">\n\t\t\t\t\t<h2 class=\"elementor-heading-title elementor-size-default\">Versatile Industrial Usage<\/h2>\t\t\t\t<\/div>\n\t\t\t\t<div class=\"elementor-element elementor-element-6f0b2cb elementor-widget-divider--view-line elementor-widget elementor-widget-divider\" data-id=\"6f0b2cb\" data-element_type=\"widget\" data-e-type=\"widget\" data-widget_type=\"divider.default\">\n\t\t\t\t\t\t\t<div class=\"elementor-divider\">\n\t\t\t<span class=\"elementor-divider-separator\">\n\t\t\t\t\t\t<\/span>\n\t\t<\/div>\n\t\t\t\t\t\t<\/div>\n\t\t\t\t<div class=\"elementor-element elementor-element-ba14c74 elementor-widget elementor-widget-text-editor\" data-id=\"ba14c74\" data-element_type=\"widget\" data-e-type=\"widget\" data-widget_type=\"text-editor.default\">\n\t\t\t\t\t\t\t\t\t<p data-start=\"729\" data-end=\"884\">Designed to support multiple applications across material handling, dust control, and waste extraction processes.<\/p>\t\t\t\t\t\t\t\t<\/div>\n\t\t\t\t<\/div>\n\t\t<div class=\"elementor-element elementor-element-04fe7b2 e-con-full e-flex e-con e-child\" data-id=\"04fe7b2\" data-element_type=\"container\" data-e-type=\"container\">\n\t\t\t\t<div class=\"elementor-element elementor-element-05b86bb elementor-widget elementor-widget-image\" data-id=\"05b86bb\" data-element_type=\"widget\" data-e-type=\"widget\" data-widget_type=\"image.default\">\n\t\t\t\t\t\t\t\t\t\t\t\t\t\t\t<img decoding=\"async\" width=\"1080\" height=\"828\" src=\"https:\/\/blowroommachinery.com\/wp-content\/uploads\/2026\/04\/6-1-e1776075388284.png\" class=\"attachment-full size-full wp-image-568\" alt=\"\" srcset=\"https:\/\/blowroommachinery.com\/wp-content\/uploads\/2026\/04\/6-1-e1776075388284.png 1080w, https:\/\/blowroommachinery.com\/wp-content\/uploads\/2026\/04\/6-1-e1776075388284-300x230.png 300w, https:\/\/blowroommachinery.com\/wp-content\/uploads\/2026\/04\/6-1-e1776075388284-1024x785.png 1024w, https:\/\/blowroommachinery.com\/wp-content\/uploads\/2026\/04\/6-1-e1776075388284-768x589.png 768w\" sizes=\"(max-width: 1080px) 100vw, 1080px\" \/>\t\t\t\t\t\t\t\t\t\t\t\t\t\t\t<\/div>\n\t\t\t\t<\/div>\n\t\t\t\t<\/div>\n\t\t<div class=\"elementor-element elementor-element-e130384 e-con-full e-flex e-con e-child\" data-id=\"e130384\" data-element_type=\"container\" data-e-type=\"container\">\n\t\t<div class=\"elementor-element elementor-element-7cda334 e-con-full e-flex e-con e-child\" data-id=\"7cda334\" data-element_type=\"container\" data-e-type=\"container\" data-settings=\"{&quot;background_background&quot;:&quot;classic&quot;}\">\n\t\t\t\t<div class=\"elementor-element elementor-element-b3d759d elementor-widget elementor-widget-image\" data-id=\"b3d759d\" data-element_type=\"widget\" data-e-type=\"widget\" data-widget_type=\"image.default\">\n\t\t\t\t\t\t\t\t\t\t\t\t\t\t\t<img decoding=\"async\" width=\"1080\" height=\"1350\" src=\"https:\/\/blowroommachinery.com\/wp-content\/uploads\/2026\/04\/7.png\" class=\"attachment-full size-full wp-image-569\" alt=\"\" srcset=\"https:\/\/blowroommachinery.com\/wp-content\/uploads\/2026\/04\/7.png 1080w, https:\/\/blowroommachinery.com\/wp-content\/uploads\/2026\/04\/7-240x300.png 240w, https:\/\/blowroommachinery.com\/wp-content\/uploads\/2026\/04\/7-819x1024.png 819w, https:\/\/blowroommachinery.com\/wp-content\/uploads\/2026\/04\/7-768x960.png 768w\" sizes=\"(max-width: 1080px) 100vw, 1080px\" \/>\t\t\t\t\t\t\t\t\t\t\t\t\t\t\t<\/div>\n\t\t\t\t<\/div>\n\t\t<div class=\"elementor-element elementor-element-1ae4ee4 e-con-full e-flex e-con e-child\" data-id=\"1ae4ee4\" data-element_type=\"container\" data-e-type=\"container\">\n\t\t\t\t<div class=\"elementor-element elementor-element-d67e663 elementor-widget elementor-widget-heading\" data-id=\"d67e663\" data-element_type=\"widget\" data-e-type=\"widget\" data-widget_type=\"heading.default\">\n\t\t\t\t\t<h2 class=\"elementor-heading-title elementor-size-default\">Available Sizes<\/h2>\t\t\t\t<\/div>\n\t\t\t\t<div class=\"elementor-element elementor-element-3add266 elementor-widget-divider--view-line elementor-widget elementor-widget-divider\" data-id=\"3add266\" data-element_type=\"widget\" data-e-type=\"widget\" data-widget_type=\"divider.default\">\n\t\t\t\t\t\t\t<div class=\"elementor-divider\">\n\t\t\t<span class=\"elementor-divider-separator\">\n\t\t\t\t\t\t<\/span>\n\t\t<\/div>\n\t\t\t\t\t\t<\/div>\n\t\t\t\t<div class=\"elementor-element elementor-element-2429218 elementor-widget elementor-widget-text-editor\" data-id=\"2429218\" data-element_type=\"widget\" data-e-type=\"widget\" data-widget_type=\"text-editor.default\">\n\t\t\t\t\t\t\t\t\t<p data-start=\"1112\" data-end=\"1271\">All the above ranges are available in \u00d8300, \u00d8400, \u00d8500 &amp; \u00d8650 mm.<\/p>\t\t\t\t\t\t\t\t<\/div>\n\t\t\t\t<\/div>\n\t\t\t\t<\/div>\n\t\t\t\t<\/div>\n\t\t\t\t\t<\/div>\n\t\t\t\t<\/div>\n\t\t<div class=\"elementor-element elementor-element-f4dc955 e-flex e-con-boxed e-con e-parent\" data-id=\"f4dc955\" data-element_type=\"container\" data-e-type=\"container\" data-settings=\"{&quot;background_background&quot;:&quot;classic&quot;}\">\n\t\t\t\t\t<div class=\"e-con-inner\">\n\t\t<div class=\"elementor-element elementor-element-00acc38 e-con-full e-flex e-con e-child\" data-id=\"00acc38\" data-element_type=\"container\" data-e-type=\"container\">\n\t\t\t\t<div class=\"elementor-element elementor-element-2ab125c elementor-widget-divider--view-line elementor-widget elementor-widget-divider\" data-id=\"2ab125c\" data-element_type=\"widget\" data-e-type=\"widget\" data-widget_type=\"divider.default\">\n\t\t\t\t\t\t\t<div class=\"elementor-divider\">\n\t\t\t<span class=\"elementor-divider-separator\">\n\t\t\t\t\t\t<\/span>\n\t\t<\/div>\n\t\t\t\t\t\t<\/div>\n\t\t\t\t<div class=\"elementor-element elementor-element-ceff391 elementor-widget elementor-widget-heading\" data-id=\"ceff391\" data-element_type=\"widget\" data-e-type=\"widget\" data-widget_type=\"heading.default\">\n\t\t\t\t\t<h2 class=\"elementor-heading-title elementor-size-default\">Ensure Smooth Material Flow in Your System<\/h2>\t\t\t\t<\/div>\n\t\t\t\t<div class=\"elementor-element elementor-element-10f8233 elementor-widget elementor-widget-text-editor\" data-id=\"10f8233\" data-element_type=\"widget\" data-e-type=\"widget\" data-widget_type=\"text-editor.default\">\n\t\t\t\t\t\t\t\t\t<p data-start=\"1478\" data-end=\"1574\">Enhance your production efficiency with reliable airflow and transport solutions.<\/p>\t\t\t\t\t\t\t\t<\/div>\n\t\t\t\t<div class=\"elementor-element elementor-element-7f10158 elementor-align-center elementor-widget elementor-widget-button\" data-id=\"7f10158\" data-element_type=\"widget\" data-e-type=\"widget\" data-widget_type=\"button.default\">\n\t\t\t\t\t\t\t\t\t\t<a class=\"elementor-button elementor-button-link elementor-size-sm\" href=\"https:\/\/blowroommachinery.com\/index.php\/contact-us\/\">\n\t\t\t\t\t\t<span class=\"elementor-button-content-wrapper\">\n\t\t\t\t\t\t<span class=\"elementor-button-icon\">\n\t\t\t\t<svg xmlns=\"http:\/\/www.w3.org\/2000\/svg\" viewBox=\"0 0 32 32\"><path d=\"M 18.71875 6.78125 L 17.28125 8.21875 L 24.0625 15 L 4 15 L 4 17 L 24.0625 17 L 17.28125 23.78125 L 18.71875 25.21875 L 27.21875 16.71875 L 27.90625 16 L 27.21875 15.28125 Z\"><\/path><\/svg>\t\t\t<\/span>\n\t\t\t\t\t\t\t\t\t<span class=\"elementor-button-text\">Contact Us Today<\/span>\n\t\t\t\t\t<\/span>\n\t\t\t\t\t<\/a>\n\t\t\t\t\t\t\t\t<\/div>\n\t\t\t\t<\/div>\n\t\t\t\t\t<\/div>\n\t\t\t\t<\/div>\n\t\t\t\t<\/div>\n\t\t","protected":false},"excerpt":{"rendered":"<p>Fans \u2013 MMTV 425 Optimized Airflow for Material Transport Multi-Application Fan Range Fans \u2013 MMTV 425 Material Transport Fan, Micro Dust \/ Exhaust Fan, and Waste Extraction Fan are part of this range. \u00a0 Versatile Industrial Usage Designed to support multiple applications across material handling, dust control, and waste extraction processes. Available Sizes All the [&hellip;]<\/p>\n","protected":false},"author":1,"featured_media":0,"parent":0,"menu_order":0,"comment_status":"closed","ping_status":"closed","template":"elementor_header_footer","meta":{"footnotes":""},"class_list":["post-369","page","type-page","status-publish","hentry"],"_links":{"self":[{"href":"https:\/\/blowroommachinery.com\/index.php\/wp-json\/wp\/v2\/pages\/369","targetHints":{"allow":["GET"]}}],"collection":[{"href":"https:\/\/blowroommachinery.com\/index.php\/wp-json\/wp\/v2\/pages"}],"about":[{"href":"https:\/\/blowroommachinery.com\/index.php\/wp-json\/wp\/v2\/types\/page"}],"author":[{"embeddable":true,"href":"https:\/\/blowroommachinery.com\/index.php\/wp-json\/wp\/v2\/users\/1"}],"replies":[{"embeddable":true,"href":"https:\/\/blowroommachinery.com\/index.php\/wp-json\/wp\/v2\/comments?post=369"}],"version-history":[{"count":49,"href":"https:\/\/blowroommachinery.com\/index.php\/wp-json\/wp\/v2\/pages\/369\/revisions"}],"predecessor-version":[{"id":1824,"href":"https:\/\/blowroommachinery.com\/index.php\/wp-json\/wp\/v2\/pages\/369\/revisions\/1824"}],"wp:attachment":[{"href":"https:\/\/blowroommachinery.com\/index.php\/wp-json\/wp\/v2\/media?parent=369"}],"curies":[{"name":"wp","href":"https:\/\/api.w.org\/{rel}","templated":true}]}}